7*o - 1354. Determine d(-5).
281
Let s(w) = -4093*w**2 + 210*w - 143. Give s(1).
-4026
Let h(v) = -54695*v - 218875. Calculate h(-4).
-95
Let g(k) = k**3 - 663*k**2 - 3941*k + 1736309. Determine g(665).
-6
Let j(x) = 10*x**2 + 14463*x + 157887. Calculate j(-11).
4
Let d(n) = 54715*n + 218784. Determine d(-4).
-76
Let s(h) = -2*h**3 - 42*h**2 - 1295*h - 27193. Give s(-21).
2
Let k(b) = 2143*b**2 - 105*b + 95. Determine k(1).
2133
Let f(a) = -a**3 + 26*a**2 - 23*a + 62. What is f(23)?
1120
Let f(u) = -2*u**2 - 13355*u + 106957. Determine f(8).
-11
Let a(y) = -2*y**2 + 9*y + 201. Give a(-9).
-42
Let f(j) = 4*j**3 + 2*j**2 + 2*j - 29. Calculate f(-3).
-125
Let z(n) = 318*n + 9696. Calculate z(-29).
474
Let c(q) = -3*q**2 - 11385*q + 91228. Give c(8).
-44
Let i(d) = -118040*d**2 + 354111*d + 13. Calculate i(3).
-14
Let i(g) = -10*g**2 + 182*g + 1783. Calculate i(25).
83
Let l(g) = -17*g**2 - 99*g - 311. Give l(0).
-311
Let s(c) = 18969*c + 3243705. Determine s(-171).
6
Let w(n) = 2*n**2 + 176*n - 695. What is w(-94)?
433
Let o(p) = 113166*p + 7242618. What is o(-64)?
-6
Let r(w) = -43*w**3 - 5*w**2 + 49*w - 125. Determine r(3).
-1184
Let w(j) = 2*j**2 + 202*j + 2995. What is w(-18)?
7
Let n(m) = -7225*m - 35740. Determine n(-5).
385
Let o(k) = k**2 + 158*k - 9536. What is o(49)?
607
Let f(n) = 726*n**2 - 8712*n - 8. Give f(12).
-8
Let v(r) = -51*r + 2568. Give v(16).
1752
Let t(c) = -384*c**2 + 569*c - 551. Calculate t(1).
-366
Let c(x) = -54*x + 12415. Give c(230).
-5
Let l(r) = 7*r**2 + 26*r + 3. Determine l(-2).
-21
Let p(m) = -6*m**2 + 548*m - 11037. Calculate p(30).
3
Let s(p) = -293*p + 43975. What is s(150)?
25
Let n(t) = -4*t**3 - 361*t**2 + 33575*t - 114. Give n(57).
0
Let h(o) = 3*o**2 - 281*o - 1086. What is h(96)?
-414
Let u(k) = -k**3 + 86*k**2 + 12*k - 45. Determine u(86).
987
Let h(k) = 1351*k + 1957593. Determine h(-1449).
-6
Let t(u) = -u**3 - 31*u**2 + 13*u + 98. Calculate t(-31).
-305
Let d(l) = -l**3 + 33*l**2 - 43*l - 485. Determine d(28).
2231
Let a(c) = 24*c**3 + 21*c**2 + 264*c + 243. Determine a(-1).
-24
Let k(t) = 6256*t + 932379. Calculate k(-149).
235
Let q(s) = -s**3 + 458*s**2 - 1387*s + 9966. Determine q(455).
-44
Let a(t) = 31*t**3 - 952*t**2 - 66051*t + 190. Give a(64).
-2
Let n(d) = -2*d**2 - 1299*d + 72196. Determine n(-701).
-7
Let g(r) = r**2 + 25*r + 3039. Give g(-69).
6075
Let y(c) = c**3 + 74*c**2 - 222*c + 408. Determine y(-77).
-285
Let y(c) = 263*c**2 - 730*c - 1465. Calculate y(-2).
1047
Let x(n) = -n**3 - 29*n**2 + 102*n - 18. What is x(0)?
-18
Let l(q) = 2*q**2 - 7511*q - 30069. Calculate l(-4).
7
Let m(d) = 9*d**3 - 99*d**2 - 37697*d + 414652. Calculate m(11).
-15
Let n(h) = h**3 + 378*h**2 + 35705*h - 5. What is n(-185)?
-5
Let w(o) = -2*o**3 + 104*o**2 - 309*o + 24. Give w(3).
-21
Let v(w) = -212*w - 702. What is v(-10)?
1418
Let f(x) = -3120*x - 171758. Calculate f(-54).
-3278
Let s(r) = 6509*r - 25975. Calculate s(4).
61
Let o(b) = 210*b**2 - 1028*b + 50. What is o(4)?
-702
Let h(y) = -846*y**2 - 151*y - 121. Determine h(-1).
-816
Let r(b) = 3*b**2 + 31*b - 1478. What is r(15)?
-338
Let q(d) = 2*d**3 + 4*d**2 - 2*d + 315. Determine q(0).
315
Let l(a) = 480*a - 24061. What is l(50)?
-61
Let x(f) = -58*f**2 + 982*f - 2993. Determine x(13).
-29
Let y(n) = -20909*n + 271807. Calculate y(13).
-10
Let b(c) = -8197*c**3 + 204924*c**2 + 22*c + 75. Determine b(25).
0
Let c(z) = -4*z**2 - 292*z - 4410. Calculate c(-20).
-170
Let b(t) = 19*t**2 + 434*t - 942. Calculate b(5).
1703
Let z(c) = -21290*c + 64220. Calculate z(3).
350
Let o(s) = s**2 - 252325*s - 12. Determine o(0).
-12
Let q(p) = -275*p + 4784. Determine q(9).
2309
Let o(i) = i**2 + 342324*i + 1711600. What is o(-5)?
5
Let a(r) = 2052*r + 6368. What is a(-3)?
212
Let d(j) = -j**3 + 58*j**2 - 52*j - 78. Determine d(57).
207
Let p(c) = 14*c**2 - 1777*c - 2037. Calculate p(129).
1704
Let b(i) = -5*i**3 + 6*i**2 + 157*i - 429. Determine b(3).
-39
Let j(f) = 122*f - 2739. Calculate j(9).
-1641
Let g(u) = -574392*u - 12. Determine g(0).
-12
Let z(x) = 2*x**3 + 63*x**2 + 295*x + 146. What is z(-26)?
-88
Let y(q) = 18*q**3 - 167*q**2 - 2*q - 2. Determine y(-2).
-810
Let n(t) = -3382*t + 1755263. Give n(519).
5
Let v(w) = 4*w**3 + 30*w**2 + 5*w - 82. Give v(-7).
-19
Let l(r) = 4*r**3 - 8*r**2 - 115*r + 46. Give l(-7).
-913
Let o(m) = -4*m**3 + 68*m**2 - 13*m + 3093. Give o(19).
-42
Let r(j) = -177*j + 17610. What is r(134)?
-6108
Let k(h) = 89*h + 2369. Calculate k(-23).
322
Let a(g) = 29430*g + 235438. What is a(-8)?
-2
Let f(t) = -143092*t - 2003282. Determine f(-14).
6
Let b(m) = m**3 + 44*m**2 - 993*m + 25. Calculate b(-60).
2005
Let a(j) = 1994*j - 2788. What is a(3)?
3194
Let f(w) = -w**2 - 244*w + 4619. What is f(-266)?
-1233
Let y(s) = -66*s**3 + 930*s**2 - 87*s + 34. What is y(14)?
-8
Let o(t) = 26429*t + 54273. Calculate o(-2).
1415
Let f(a) = -3*a**3 + 446*a**2 - 311*a + 1009. Give f(148).
-1211
Let v(j) = j**2 + 196*j + 8113. What is v(-58)?
109
Let q(a) = -106*a + 1571. Determine q(-18).
3479
Let f(y) = 14*y**3 - 2*y**2 - 6*y + 2. What is f(-1)?
-8
Let v(g) = -257611*g - 14426218. Calculate v(-56).
-2
Let k(a) = -3*a**3 + 237*a**2 + 261*a - 1691. Determine k(80).
-11
Let x(i) = -14056*i - 548177. What is x(-39)?
7
Let j(l) = -87246*l + 261775. Calculate j(3).
37
Let r(b) = -27101*b + 3062436. What is r(113)?
23
Let s(n) = -9*n**2 - 696*n + 17126. Calculate s(-97).
-43
Let q(t) = -45637*t - 228264. Calculate q(-5).
-79
Let q(f) = -f**3 + 18*f**2 + 41*f + 2. Give q(-2).
0
Let m(h) = -505*h - 22010. Give m(-44).
210
Let m(r) = r**2 - 956234*r + 2868688. Determine m(3).
-5
Let g(n) = 246*n - 1503. Calculate g(4).
-519
Let i(d) = -d**3 + 528*d**2 + 23944*d - 2282. What is i(570)?
-2
Let x(b) = 179*b**3 - 12*b**2 - 59*b - 48. Determine x(-1).
-180
Let j(s) = s**3 + 8*s**2 - 119*s - 1008. Give j(-8).
-56
Let q(f) = -51034*f - 306124. Calculate q(-6).
80
Let k(i) = -i**3 + 76*i**2 - 1106*i - 241. What is k(24)?
3167
Let s(z) = 30*z**2 + 2780*z + 12271. Give s(-88).
-49
Let t(u) = -1088*u + 322031. Determine t(296).
-17
Let k(w) = 16*w**2 + 471*w + 3020. Determine k(-20).
0
Let l(g) = 6*g**2 + 227*g - 1059. Calculate l(4).
-55
Let t(f) = -89*f + 16135. Give t(185).
-330
Let t(b) = 1613*b - 1127496. Determine t(699).
-9
Let h(f) = -9800*f - 156811. Give h(-16).
-11
Let p(j) = 308602*j + 2160222. Give p(-7).
8
Let g(c) = 2072*c - 70734. Determine g(34).
-286
Let o(f) = -4*f**2 - 111*f - 181. Determine o(-26).
1
Let v(k) = -54951*k - 219810. Calculate v(-4).
-6
Let a(n) = -194*n**3 + 1741*n**2 + 47*n - 35. What is a(9)?
-17
Let o(z) = 796*z + 34812. Calculate o(-44).
-212
Let u(m) = -m**3 + 509*m**2 + 1090*m - 34736. What is u(511)?
12
Let k(n) = -150135*n + 6906283. Calculate k(46).
73
Let c(a) = a**3 + 9343*a**2 + 65353*a + 47. Give c(-7).
40
Let x(g) = 2*g**2 + 195*g + 1574. Determine x(-69).
-2359
Let q(n) = n**3 - 226*n**2 + 11424*n - 188. Give q(76).
1636
Let g(d) = -35588*d + 355886. What is g(10)?
6
Let k(s) = -6*s**2 - 1555*s - 20824. Give k(-245).
1
Let l(h) = -2*h**2 - 391*h - 14222. What is l(-148)?
-162
Let a(f) = f**3 + 48*f**2 - 125*f + 1347. What is a(-51)?
-81
Let t(i) = -228*i + 7974. What is t(33)?
450
Let v(a) = 357*a + 17270. Calculate v(-44).
1562
Let s(q) = 491*q**2 + 29370*q - 5389. Give s(-60).
11
Let l(m) = 35*m**2 - 935*m + 85. Determine l(27).
355
Let g(i) = 308*i**2 + 608*i - 21. Calculate g(-2).
-5
Let y(q) = 2181*q - 15293. What is y(7)?
-26
Let j(i) = 422*i**3 - 9*i. Calculate j(1).
413
Let z(k) = 13703*k - 2493941. What is z(182)?
5
Let s(j) = 3*j**2 + 1158*j - 35291. Calculate s(-414).
-515
Let v(u) = 188495*u - 1319469. Give v(7).
-4
Let d(v) = 3*v**2 - 1664*v + 207109. Give d(366).
-47
Let q(d) = -3*d**3 + 184*d**2 - 277*d + 2201. Give q(60).
-19
Let n(b) = -b**2 - 32*b + 7528. Give n(72).
40
Let s(i) = -i**3 - 24*i**2 - 69*i + 364. What is s(-7)?
14
Let t(q) = -37*q**3 - 3365*q**2 + 176*q - 445. Determine t(-91).
101
Let x(q) = -134*q + 18263. What is x(108)?
3791
Let a(g) = -368613*g - 13270094. Determine a(-36).
-26
Let y(a) = 177*a**2 + 72373*a - 8162. Calculate y(-409).
18
Let x(v) = -32*v**3 - 245*v**2 + 40*v + 4. Give x(-8).
388
Let u(z) = -z**2 + 3247*z - 153546. Calculate u(48).
6
Let w(j) = 3511*j + 217686